-20 + i. What is the tens digit of g?
1
Let i(u) = -u**3 - 7*u**2 + 6*u - 11. Let j be i(-8). Suppose 0*d - 3*c - 87 = -2*d, j*d - 226 = -c. What is the units digit of d?
5
Let n(j) = j**3 - j + 19. What is the units digit of n(0)?
9
Suppose 3*m + 123 - 654 = 0. What is the tens digit of m?
7
Let u = 61 + -42. What is the units digit of u?
9
Let l(f) be the third derivative of f**6/360 - f**5/24 - f**4/12 - 2*f**2. Let s(t) be the second derivative of l(t). What is the units digit of s(4)?
3
What is the tens digit of (-3)/((-92)/30 + 3)?
4
Let l be 3 + (-1 + 2)*2. Suppose -l*d + 35 = -0*d. What is the units digit of d?
7
Let j = 261 - 83. What is the tens digit of j?
7
Let a = 47 - 34. What is the units digit of a?
3
Let w(f) = f**3 - 7*f**2 - 4*f + 12. What is the units digit of w(8)?
4
Suppose 0 = 2*g - 290 + 42. What is the hundreds digit of g?
1
Suppose -v + 4 = -2. What is the units digit of v?
6
Suppose x - 2*l + 138 = 3*x, -316 = -4*x + 4*l. Suppose -1 = -y + x. Suppose -5 = u + 3*g, u + 5*g + y = 6*u. What is the units digit of u?
0
Suppose -50 = -2*v + u, 0 = -5*v + u + 38 + 90. What is the units digit of v?
6
What is the units digit of ((-1239)/(-9))/(7/21)?
3
Let r = -2 + 6. Suppose 0 = h - r*i + 16, 5*h = 2*h - i + 4. Suppose -a + 6 + h = 0. What is the units digit of a?
6
Let r be 1/((-24)/(-20) - 1). Let o be -1 - 84/(1*-2). Suppose o = -r*m + 121. What is the units digit of m?
6
Suppose 6*b = 5*s + b, -4*s + 15 = b. Suppose 4*h + 16 = 4*u, -2*u + 5 = -5*h - s. Suppose 11 = r - h. What is the tens digit of r?
1
Suppose -2 = 5*u - 12. Suppose 18 = u*p - 2*v, p + 5*v - 6 = -27. Suppose o = -0*o + p. What is the units digit of o?
4
Let h = 28 - -19. What is the units digit of h?
7
Suppose 4*a + 16 = -0*a. Suppose 4*i - 4*x + 32 = -0*x, 0 = -4*i + 5*x - 32. What is the units digit of (a - -5)*i/(-1)?
8
Let l = 2 + 3. Suppose 4*v + l*c - 89 = -0*v, 3*c + 65 = 5*v. What is the units digit of v?
6
Let v be 1/3 + (-6)/(-9). Suppose 2*g - v = -17. Let t = -4 - g. What is the units digit of t?
4
What is the units digit of (2 - 2/4)/((-21)/(-1064))?
6
Let l be ((-3)/2)/(1/(-2)). Suppose 0 = u - 0*u - 4*j - l, -4*j = -4*u. What is the units digit of (u - (3 - -12))/(-2)?
8
Let b(w) = -w**3 + 9*w**2 - 4*w + 13. What is the units digit of b(5)?
3
Suppose 3*s - 6*s = -117. What is the units digit of s?
9
Let s be (-6 - 0)/(2 + -1). Let t(o) = o**3 + 7*o**2 + 6*o + 7. What is the units digit of t(s)?
7
Suppose -3*j + 12 = -0. Let b = j - 1. What is the units digit of b?
3
Suppose 13 = 4*v + 1. Let l(y) = -3 - y**2 + y**3 - v*y + 4 + 1. What is the units digit of l(3)?
1
Suppose 0*s - 2*s + 4 = 0. Let l be s*(-2 + 1) + 6. Suppose -l*i + 50 = 10. What is the tens digit of i?
1
What is the tens digit of (-12)/54 - (-580)/18?
3
Let v(l) = l**3 - 17*l**2 + 20*l - 17. What is the tens digit of v(16)?
4
Suppose 0 = -2*g + 123 + 91. What is the hundreds digit of g?
1
Suppose 116 = 4*x + 4*g, 2*x = 3*g + 2*g + 23. Suppose -3*r + x = -5*r. What is the units digit of r/7*(-35)/10?
6
Suppose 3*k - 2*d + 4 = k, 10 = -k + 3*d. Suppose -2*x + 6 = -m, x = -3*x + 3*m + 10. Suppose 2*o - 4*s = 4, -k*o = -o - x*s. What is the units digit of o?
4
Let g(v) = -v**3 + 10*v**2 + v + 3. Let y be g(10). Suppose z - y = -0. Suppose 5*q - 35 = 3*a + z, -3*a - 12 = -2*q. What is the units digit of q?
2
Let z = 127 - 91. What is the units digit of z?
6
What is the units digit of (-1376)/(-10) - (-10)/((-300)/18)?
7
Let g(z) = 8*z**2 - 2*z - 2. What is the tens digit of g(2)?
2
Let o = -72 + 109. What is the units digit of o?
7
Let r be (-63)/(-12) + 1/(-4). Suppose 4*o - r*o + 8 = 0. What is the units digit of o?
8
Let z = -51 + 45. Let u(h) = -8*h**2 - h - 3. Let f(r) = -7*r**2 - 2*r - 3. Let y(x) = 7*f(x) - 6*u(x). What is the units digit of y(z)?
9
Suppose -5*p - 38 + 13 = 0. Let i(m) = m**3 + 6*m**2 + 5*m + 2. What is the units digit of i(p)?
2
Let i(x) = -2*x**2 - 8*x - 7. Let o be i(-5). Let c = -10 - o. What is the units digit of c?
7
Let m = 6 - 6. What is the tens digit of 20 - -5 - (0 - m)?
2
Let s(n) = -n**3 - 6*n**2 - 4*n + 3. Let y be s(-5). Let l = 3 + y. What is the units digit of l?
1
Suppose 0 = 3*m - 3*o + 12, 3*m + 5*o - 2*o + 24 = 0. Let p be (m/(-5))/((-2)/(-10)). Suppose -n = -p*n + 50. What is the tens digit of n?
1
Suppose 0 = t - 3*t + 20. Suppose -t = -2*z + 5*p + 34, 3*z - 55 = 2*p. What is the units digit of z?
7
Let c = 81 + -47. What is the tens digit of c?
3
Suppose 52 = 5*w - 2*b - 1, 3*w - 23 = -b. Let c(n) = 2*n**2 + 3*n + 1. Let s be c(-2). What is the units digit of 1/s*w/1?
3
Let v(n) = -n**2 + 7*n - 5. Let t(l) = 2*l**3 + l**2 - 3*l + 2. Let y be t(2). Let c be 4/y - 15/(-4). What is the units digit of v(c)?
7
Let w(i) = -22*i - 22. What is the tens digit of w(-5)?
8
Suppose -120 = -3*s + 3*l - 4*l, 4*s + l = 160. Suppose s = 5*w - w. What is the tens digit of w?
1
Let u(x) = -x**3 + x**2 - x - 7. Let y be u(0). Let s(m) = 4*m + 4. Let f be s(-4). Let n = y - f. What is the units digit of n?
5
Suppose -3*h = -4*z - 20, -2*h - 4*z - 4 = -h. Suppose h*g = -4*q - 20, -2*q - 12 = -g + 4*g. What is the units digit of g/(-3)*(-6)/(-4)?
1
Suppose 7*o = 3*o + 152. Suppose -y = -4*k - o - 0, 97 = 4*y - 5*k. What is the units digit of y?
8
Suppose 5 = -5*c + 2*d + d, 0 = -d + 5. Suppose c*s - 4*s = -40. What is the units digit of s?
0
Let n = -2 + 8. Let d be 12/9 - (-4)/n. Suppose -3*r = 3*z + 6, d - 4 = 5*r + 3*z. What is the units digit of r?
2
Suppose 19*a - 14*a = 270. What is the units digit of a?
4
What is the tens digit of 2/(-3) - (-452)/12?
3
Let m(s) = 3*s + 3. Let p(f) = -3*f - 2. Let i(h) = -4*m(h) - 5*p(h). Let v(x) = -x - 1. Let j(z) = i(z) + 2*v(z). What is the units digit of j(7)?
3
Let g(u) = 2*u**2 - 14*u - 14. What is the hundreds digit of g(13)?
1
Let k(c) = -20*c. Let i(q) = -q**2 + 10*q - 10. Let b be i(9). What is the units digit of k(b)?
0
Suppose 4*o = 195 + 13. What is the units digit of o?
2
Let p = 13 + 6. What is the units digit of 6/24 + p/4?
5
Suppose -3*j = -5*a + 7, 5*j = -2*a + j + 8. Let t = 20 - 15. Suppose t*c = z - 21 + 3, 2*c - 12 = -a*z. What is the units digit of z?
8
Suppose t - 3*t - 2*r + 24 = 0, -4*t + 54 = r. What is the tens digit of t?
1
Suppose 5*y - 2*c = 2*c + 441, -265 = -3*y + 2*c. What is the tens digit of y?
8
Suppose 4*w = -y + 17, 5*y + 2*w - 39 = -8. Suppose -4*t + 2*k = 40, t - 4*k + 22 = y. What is the units digit of (-7)/t - 4/(-18)?
1
Let h(k) = 5*k + 1 - 1 + k**2 + 7. What is the units digit of h(-6)?
3
Let c(s) = -s**3 + 15*s**2 + 13*s + 12. What is the hundreds digit of c(15)?
2
Let c(g) = -g**3 + 5*g**2 + 3. Suppose -12 = 5*x - 37. Let j be c(x). Suppose 2*s - j = 11. What is the units digit of s?
7
Suppose a + 22 - 79 = -h, -305 = -5*h + 5*a. What is the tens digit of h?
5
Suppose 0*b + b - 34 = 0. What is the tens digit of b?
3
Suppose 2*g - 11 = -1. Suppose -3*s = -6, s + 42 = g*h - 6. What is the tens digit of h?
1
Suppose 0 = 4*f - 4*n - 16, -f + 5*n + 1 = -3. Let d = 1 - 0. Suppose -2*u + 24 = f*q, -q - d + 7 = -5*u. What is the units digit of q?
6
Suppose 5*b - 30 = l, -b - b + 3*l = -25. Suppose 0 = -m - b*q + 34, 4*q = -m + 30 - 1. What is the units digit of m?
9
Suppose -3*p - 2*r = -245, 3*r = -2*p - 2*r + 156. What is the tens digit of p?
8
Suppose 4*s = 3*w + 317, -2*w = s - 5*w - 68. What is the units digit of s?
3
Let j = -3 + 4. Let k be j*(-2)/(-1) + 28. Suppose 3*p = -2*p + k. What is the units digit of p?
6
Let b(q) = q**2 + 2*q + 4. Let t be b(-6). Let y be 14/(-2)*-5 - 0. What is the units digit of (t/y)/(2/10)?
4
Suppose 0 = 2*a - 4*a + 5*y - 31, 4*a + y + 7 = 0. Let h(q) = -42*q + 79*q - 39*q. What is the units digit of h(a)?
6
Let s(u) = -u**2. Let m be s(0). Suppose 2*q + 2 = 0, b - q - 13 = -m*b. Suppose -4*d + b = -2*d. What is the units digit of d?
6
Let u(w) = -2*w - 6. Let b = -5 + 8. Suppose l = -7 + b. What is the units digit of u(l)?
2
Let n = 1 + 16. What is the tens digit of n?
1
Let a(k) = 7*k - 19. Let h(x) = 3*x - 10. Let b(n) = 2*a(n) - 5*h(n). Let u be b(0). Suppose 4*z + 2*v - u = 2*z, 5*v = -2*z + 24. What is the units digit of z?
2
Let m(p) = -p**2 + 7*p + 2. Let k be m(6). What is the units digit of (-2 + -12)*(-20)/k?
5
Suppose 0 = 